{"id":22,"date":"2020-01-27T18:57:44","date_gmt":"2020-01-27T17:57:44","guid":{"rendered":"http:\/\/pogotowieskawina.pl\/?page_id=22"},"modified":"2020-02-14T11:46:41","modified_gmt":"2020-02-14T10:46:41","slug":"zabezpieczenia-medyczne","status":"publish","type":"page","link":"https:\/\/pogotowieskawina.pl\/index.php\/zabezpieczenia-medyczne\/","title":{"rendered":"ZABEZPIECZENIA MEDYCZNE"},"content":{"rendered":"\t\t<div data-elementor-type=\"wp-page\" data-elementor-id=\"22\" class=\"elementor elementor-22\">\n\t\t\t\t\t\t<section class=\"elementor-section elementor-top-section elementor-element elementor-element-8887a04 elementor-section-boxed elementor-section-height-default elementor-section-height-default\" data-id=\"8887a04\" data-element_type=\"section\" data-e-type=\"section\">\n\t\t\t\t\t\t<div class=\"elementor-container elementor-column-gap-default\">\n\t\t\t\t\t<div class=\"elementor-column elementor-col-100 elementor-top-column elementor-element elementor-element-e87185f\" data-id=\"e87185f\" data-element_type=\"column\" data-e-type=\"column\">\n\t\t\t<div class=\"elementor-widget-wrap elementor-element-populated\">\n\t\t\t\t\t\t<div class=\"elementor-element elementor-element-84c4ba6 elementor-widget elementor-widget-heading\" data-id=\"84c4ba6\" data-element_type=\"widget\" data-e-type=\"widget\" data-widget_type=\"heading.default\">\n\t\t\t\t<div class=\"elementor-widget-container\">\n\t\t\t\t\t<h2 class=\"elementor-heading-title elementor-size-default\">ZABEZPIECZENIA MEDYCZNE<\/h2>\t\t\t\t<\/div>\n\t\t\t\t<\/div>\n\t\t\t\t<div class=\"elementor-element elementor-element-4fd06c6 elementor-widget-divider--view-line_icon elementor-view-default elementor-widget-divider--element-align-center elementor-widget elementor-widget-divider\" data-id=\"4fd06c6\" data-element_type=\"widget\" data-e-type=\"widget\" data-widget_type=\"divider.default\">\n\t\t\t\t<div class=\"elementor-widget-container\">\n\t\t\t\t\t\t\t<div class=\"elementor-divider\">\n\t\t\t<span class=\"elementor-divider-separator\">\n\t\t\t\t\t\t\t<div class=\"elementor-icon elementor-divider__element\">\n\t\t\t\t\t<svg aria-hidden=\"true\" class=\"e-font-icon-svg e-fas-ambulance\" viewBox=\"0 0 640 512\" xmlns=\"http:\/\/www.w3.org\/2000\/svg\"><path d=\"M624 352h-16V243.9c0-12.7-5.1-24.9-14.1-33.9L494 110.1c-9-9-21.2-14.1-33.9-14.1H416V48c0-26.5-21.5-48-48-48H48C21.5 0 0 21.5 0 48v320c0 26.5 21.5 48 48 48h16c0 53 43 96 96 96s96-43 96-96h128c0 53 43 96 96 96s96-43 96-96h48c8.8 0 16-7.2 16-16v-32c0-8.8-7.2-16-16-16zM160 464c-26.5 0-48-21.5-48-48s21.5-48 48-48 48 21.5 48 48-21.5 48-48 48zm144-248c0 4.4-3.6 8-8 8h-56v56c0 4.4-3.6 8-8 8h-48c-4.4 0-8-3.6-8-8v-56h-56c-4.4 0-8-3.6-8-8v-48c0-4.4 3.6-8 8-8h56v-56c0-4.4 3.6-8 8-8h48c4.4 0 8 3.6 8 8v56h56c4.4 0 8 3.6 8 8v48zm176 248c-26.5 0-48-21.5-48-48s21.5-48 48-48 48 21.5 48 48-21.5 48-48 48zm80-208H416V144h44.1l99.9 99.9V256z\"><\/path><\/svg><\/div>\n\t\t\t\t\t\t<\/span>\n\t\t<\/div>\n\t\t\t\t\t\t<\/div>\n\t\t\t\t<\/div>\n\t\t\t\t<div class=\"elementor-element elementor-element-402dad6 elementor-hidden-tablet elementor-hidden-phone elementor-widget elementor-widget-image\" data-id=\"402dad6\" data-element_type=\"widget\" data-e-type=\"widget\" data-widget_type=\"image.default\">\n\t\t\t\t<div class=\"elementor-widget-container\">\n\t\t\t\t\t\t\t\t\t\t\t\t\t\t\t\t<a href=\"http:\/\/pogotowieskawina.pl\/wp-content\/uploads\/2020\/01\/be1e93b4-c54f-482f-8da5-2eb36bc440bd.jpg\">\n\t\t\t\t\t\t\t<img fetchpriority=\"high\" decoding=\"async\" width=\"1024\" height=\"164\" src=\"https:\/\/pogotowieskawina.pl\/wp-content\/uploads\/2020\/01\/be1e93b4-c54f-482f-8da5-2eb36bc440bd-1024x164.jpg\" class=\"elementor-animation-grow attachment-large size-large wp-image-208\" alt=\"Zdj\u0119cie informuj\u0105ce o tym i\u017c pogotowie ratunkowe imienia siegfrieda greinera w skawinie jest instytucj\u0105 miasta i gminy skawina\" srcset=\"https:\/\/pogotowieskawina.pl\/wp-content\/uploads\/2020\/01\/be1e93b4-c54f-482f-8da5-2eb36bc440bd-1024x164.jpg 1024w, https:\/\/pogotowieskawina.pl\/wp-content\/uploads\/2020\/01\/be1e93b4-c54f-482f-8da5-2eb36bc440bd-300x48.jpg 300w, https:\/\/pogotowieskawina.pl\/wp-content\/uploads\/2020\/01\/be1e93b4-c54f-482f-8da5-2eb36bc440bd-768x123.jpg 768w, https:\/\/pogotowieskawina.pl\/wp-content\/uploads\/2020\/01\/be1e93b4-c54f-482f-8da5-2eb36bc440bd-1536x246.jpg 1536w, https:\/\/pogotowieskawina.pl\/wp-content\/uploads\/2020\/01\/be1e93b4-c54f-482f-8da5-2eb36bc440bd-2048x328.jpg 2048w, https:\/\/pogotowieskawina.pl\/wp-content\/uploads\/2020\/01\/be1e93b4-c54f-482f-8da5-2eb36bc440bd-370x59.jpg 370w, https:\/\/pogotowieskawina.pl\/wp-content\/uploads\/2020\/01\/be1e93b4-c54f-482f-8da5-2eb36bc440bd-1040x167.jpg 1040w\" sizes=\"(max-width: 1024px) 100vw, 1024px\" \/>\t\t\t\t\t\t\t\t<\/a>\n\t\t\t\t\t\t\t\t\t\t\t\t\t\t\t<\/div>\n\t\t\t\t<\/div>\n\t\t\t\t<div class=\"elementor-element elementor-element-55240b5 elementor-widget-divider--view-line_icon elementor-hidden-tablet elementor-hidden-phone elementor-view-default elementor-widget-divider--element-align-center elementor-widget elementor-widget-divider\" data-id=\"55240b5\" data-element_type=\"widget\" data-e-type=\"widget\" data-widget_type=\"divider.default\">\n\t\t\t\t<div class=\"elementor-widget-container\">\n\t\t\t\t\t\t\t<div class=\"elementor-divider\">\n\t\t\t<span class=\"elementor-divider-separator\">\n\t\t\t\t\t\t\t<div class=\"elementor-icon elementor-divider__element\">\n\t\t\t\t\t<svg aria-hidden=\"true\" class=\"e-font-icon-svg e-fas-ambulance\" viewBox=\"0 0 640 512\" xmlns=\"http:\/\/www.w3.org\/2000\/svg\"><path d=\"M624 352h-16V243.9c0-12.7-5.1-24.9-14.1-33.9L494 110.1c-9-9-21.2-14.1-33.9-14.1H416V48c0-26.5-21.5-48-48-48H48C21.5 0 0 21.5 0 48v320c0 26.5 21.5 48 48 48h16c0 53 43 96 96 96s96-43 96-96h128c0 53 43 96 96 96s96-43 96-96h48c8.8 0 16-7.2 16-16v-32c0-8.8-7.2-16-16-16zM160 464c-26.5 0-48-21.5-48-48s21.5-48 48-48 48 21.5 48 48-21.5 48-48 48zm144-248c0 4.4-3.6 8-8 8h-56v56c0 4.4-3.6 8-8 8h-48c-4.4 0-8-3.6-8-8v-56h-56c-4.4 0-8-3.6-8-8v-48c0-4.4 3.6-8 8-8h56v-56c0-4.4 3.6-8 8-8h48c4.4 0 8 3.6 8 8v56h56c4.4 0 8 3.6 8 8v48zm176 248c-26.5 0-48-21.5-48-48s21.5-48 48-48 48 21.5 48 48-21.5 48-48 48zm80-208H416V144h44.1l99.9 99.9V256z\"><\/path><\/svg><\/div>\n\t\t\t\t\t\t<\/span>\n\t\t<\/div>\n\t\t\t\t\t\t<\/div>\n\t\t\t\t<\/div>\n\t\t\t\t\t<\/div>\n\t\t<\/div>\n\t\t\t\t\t<\/div>\n\t\t<\/section>\n\t\t\t\t<section class=\"elementor-section elementor-top-section elementor-element elementor-element-ef77467 elementor-section-boxed elementor-section-height-default elementor-section-height-default\" data-id=\"ef77467\" data-element_type=\"section\" data-e-type=\"section\">\n\t\t\t\t\t\t<div class=\"elementor-container elementor-column-gap-default\">\n\t\t\t\t\t<div class=\"elementor-column elementor-col-100 elementor-top-column elementor-element elementor-element-44aad50\" data-id=\"44aad50\" data-element_type=\"column\" data-e-type=\"column\">\n\t\t\t<div class=\"elementor-widget-wrap elementor-element-populated\">\n\t\t\t\t\t\t<div class=\"elementor-element elementor-element-f14276c elementor-widget elementor-widget-text-editor\" data-id=\"f14276c\" data-element_type=\"widget\" data-e-type=\"widget\" data-widget_type=\"text-editor.default\">\n\t\t\t\t<div class=\"elementor-widget-container\">\n\t\t\t\t\t\t\t\t\t<p><span class=\"wysiwyg-font-size-medium\">Pogotowie Ratunkowe im. S. Greinera jest jedn\u0105 z najlepiej dzia\u0142aj\u0105cych i zarz\u0105dzanych jednostek <\/span><span class=\"wysiwyg-font-size-medium\">w Polsce posiadaj\u0105cych do\u015bwiadczenie w zabezpieczeniu wszelkiego rodzaju event\u00f3w oraz transport\u00f3w medycznych.<\/span><span class=\"wysiwyg-font-size-larger\"><br \/><\/span><\/p><p><span class=\"wysiwyg-font-size-medium\">W naszych zespo\u0142ach dzia\u0142a personel, kt\u00f3ry na co dzie\u0144 pracuje w naszych skawi\u0144skich <\/span><span class=\"wysiwyg-font-size-medium\">karetkach dzia\u0142aj\u0105cych <\/span><span class=\"wysiwyg-font-size-medium\">w ramach Pa\u0144stwowego Ratownictwa Medycznego s\u0105 to <\/span><span class=\"wysiwyg-font-size-medium\">ludzie do\u015bwiadczeni i wykszta\u0142ceni. <br \/><\/span><\/p><p><span class=\"wysiwyg-font-size-medium\">Na potrzeby ka\u017cdego zabezpieczenia medycznego staramy si\u0119 przygotowa\u0107 indywidualny plan dzia\u0142ania i wsp\u00f3\u0142dzia\u0142ania z organizatorami imprezy.<\/span><span class=\"wysiwyg-font-size-larger\"><br \/><\/span><\/p><p><span class=\"wysiwyg-font-size-medium\">Nasze karetki zawsze wyposa\u017cone s\u0105 w sprz\u0119t medyczny wysokiej klasy. <\/span><span class=\"wysiwyg-font-size-larger\"><br \/><\/span><\/p><p><span class=\"wysiwyg-font-size-larger\">\u00a0<\/span><\/p>\t\t\t\t\t\t\t\t<\/div>\n\t\t\t\t<\/div>\n\t\t\t\t\t<\/div>\n\t\t<\/div>\n\t\t\t\t\t<\/div>\n\t\t<\/section>\n\t\t\t\t<section class=\"elementor-section elementor-top-section elementor-element elementor-element-a25ac53 elementor-section-boxed elementor-section-height-default elementor-section-height-default\" data-id=\"a25ac53\" data-element_type=\"section\" data-e-type=\"section\">\n\t\t\t\t\t\t<div class=\"elementor-container elementor-column-gap-default\">\n\t\t\t\t\t<div class=\"elementor-column elementor-col-50 elementor-top-column elementor-element elementor-element-82b8670\" data-id=\"82b8670\" data-element_type=\"column\" data-e-type=\"column\">\n\t\t\t<div class=\"elementor-widget-wrap elementor-element-populated\">\n\t\t\t\t\t\t<div class=\"elementor-element elementor-element-d91bf5b elementor-widget elementor-widget-image\" data-id=\"d91bf5b\" data-element_type=\"widget\" data-e-type=\"widget\" data-widget_type=\"image.default\">\n\t\t\t\t<div class=\"elementor-widget-container\">\n\t\t\t\t\t\t\t\t\t\t\t\t\t\t\t\t<a href=\"http:\/\/pogotowieskawina.pl\/wp-content\/uploads\/2020\/01\/3e521476-edf3-4eea-b47a-5b3ca2b55568-scaled.jpg\">\n\t\t\t\t\t\t\t<img decoding=\"async\" width=\"1024\" height=\"576\" src=\"https:\/\/pogotowieskawina.pl\/wp-content\/uploads\/2020\/01\/3e521476-edf3-4eea-b47a-5b3ca2b55568-1024x576.jpg\" class=\"elementor-animation-grow attachment-large size-large wp-image-280\" alt=\"Zdj\u0119cie czysto dekowacyjne na kt\u00f3rym widoczne s\u0105 dwie karetki Skawi\u0144skiego Pogotowia Ratunkowego w Skawinie.\" srcset=\"https:\/\/pogotowieskawina.pl\/wp-content\/uploads\/2020\/01\/3e521476-edf3-4eea-b47a-5b3ca2b55568-1024x576.jpg 1024w, https:\/\/pogotowieskawina.pl\/wp-content\/uploads\/2020\/01\/3e521476-edf3-4eea-b47a-5b3ca2b55568-300x169.jpg 300w, https:\/\/pogotowieskawina.pl\/wp-content\/uploads\/2020\/01\/3e521476-edf3-4eea-b47a-5b3ca2b55568-768x432.jpg 768w, https:\/\/pogotowieskawina.pl\/wp-content\/uploads\/2020\/01\/3e521476-edf3-4eea-b47a-5b3ca2b55568-1536x864.jpg 1536w, https:\/\/pogotowieskawina.pl\/wp-content\/uploads\/2020\/01\/3e521476-edf3-4eea-b47a-5b3ca2b55568-2048x1152.jpg 2048w, https:\/\/pogotowieskawina.pl\/wp-content\/uploads\/2020\/01\/3e521476-edf3-4eea-b47a-5b3ca2b55568-370x208.jpg 370w, https:\/\/pogotowieskawina.pl\/wp-content\/uploads\/2020\/01\/3e521476-edf3-4eea-b47a-5b3ca2b55568-1040x585.jpg 1040w\" sizes=\"(max-width: 1024px) 100vw, 1024px\" \/>\t\t\t\t\t\t\t\t<\/a>\n\t\t\t\t\t\t\t\t\t\t\t\t\t\t\t<\/div>\n\t\t\t\t<\/div>\n\t\t\t\t\t<\/div>\n\t\t<\/div>\n\t\t\t\t<div class=\"elementor-column elementor-col-50 elementor-top-column elementor-element elementor-element-3ee6325\" data-id=\"3ee6325\" data-element_type=\"column\" data-e-type=\"column\">\n\t\t\t<div class=\"elementor-widget-wrap elementor-element-populated\">\n\t\t\t\t\t\t<div class=\"elementor-element elementor-element-99147a4 elementor-hidden-tablet elementor-hidden-phone elementor-widget elementor-widget-image\" data-id=\"99147a4\" data-element_type=\"widget\" data-e-type=\"widget\" data-widget_type=\"image.default\">\n\t\t\t\t<div class=\"elementor-widget-container\">\n\t\t\t\t\t\t\t\t\t\t\t\t\t\t\t\t<a href=\"http:\/\/pogotowieskawina.pl\/wp-content\/uploads\/2020\/01\/01e5fd82-69a4-4792-bd2d-a1b61989cf0d-scaled.jpg\">\n\t\t\t\t\t\t\t<img decoding=\"async\" width=\"1024\" height=\"576\" src=\"https:\/\/pogotowieskawina.pl\/wp-content\/uploads\/2020\/01\/01e5fd82-69a4-4792-bd2d-a1b61989cf0d-1024x576.jpg\" class=\"elementor-animation-grow attachment-large size-large wp-image-279\" alt=\"Zdj\u0119cie czysto dekowacyjne na kt\u00f3rym widoczne s\u0105 dwie karetki Skawi\u0144skiego Pogotowia Ratunkowego w Skawinie.\" srcset=\"https:\/\/pogotowieskawina.pl\/wp-content\/uploads\/2020\/01\/01e5fd82-69a4-4792-bd2d-a1b61989cf0d-1024x576.jpg 1024w, https:\/\/pogotowieskawina.pl\/wp-content\/uploads\/2020\/01\/01e5fd82-69a4-4792-bd2d-a1b61989cf0d-300x169.jpg 300w, https:\/\/pogotowieskawina.pl\/wp-content\/uploads\/2020\/01\/01e5fd82-69a4-4792-bd2d-a1b61989cf0d-768x432.jpg 768w, https:\/\/pogotowieskawina.pl\/wp-content\/uploads\/2020\/01\/01e5fd82-69a4-4792-bd2d-a1b61989cf0d-1536x864.jpg 1536w, https:\/\/pogotowieskawina.pl\/wp-content\/uploads\/2020\/01\/01e5fd82-69a4-4792-bd2d-a1b61989cf0d-2048x1152.jpg 2048w, https:\/\/pogotowieskawina.pl\/wp-content\/uploads\/2020\/01\/01e5fd82-69a4-4792-bd2d-a1b61989cf0d-370x208.jpg 370w, https:\/\/pogotowieskawina.pl\/wp-content\/uploads\/2020\/01\/01e5fd82-69a4-4792-bd2d-a1b61989cf0d-1040x585.jpg 1040w\" sizes=\"(max-width: 1024px) 100vw, 1024px\" \/>\t\t\t\t\t\t\t\t<\/a>\n\t\t\t\t\t\t\t\t\t\t\t\t\t\t\t<\/div>\n\t\t\t\t<\/div>\n\t\t\t\t\t<\/div>\n\t\t<\/div>\n\t\t\t\t\t<\/div>\n\t\t<\/section>\n\t\t\t\t<section class=\"elementor-section elementor-top-section elementor-element elementor-element-248b88b elementor-section-boxed elementor-section-height-default elementor-section-height-default\" data-id=\"248b88b\" data-element_type=\"section\" data-e-type=\"section\">\n\t\t\t\t\t\t<div class=\"elementor-container elementor-column-gap-default\">\n\t\t\t\t\t<div class=\"elementor-column elementor-col-100 elementor-top-column elementor-element elementor-element-75ed17b\" data-id=\"75ed17b\" data-element_type=\"column\" data-e-type=\"column\">\n\t\t\t<div class=\"elementor-widget-wrap elementor-element-populated\">\n\t\t\t\t\t\t<div class=\"elementor-element elementor-element-f9e0a4d elementor-widget-divider--view-line_icon elementor-hidden-tablet elementor-hidden-phone elementor-view-default elementor-widget-divider--element-align-center elementor-widget elementor-widget-divider\" data-id=\"f9e0a4d\" data-element_type=\"widget\" data-e-type=\"widget\" data-widget_type=\"divider.default\">\n\t\t\t\t<div class=\"elementor-widget-container\">\n\t\t\t\t\t\t\t<div class=\"elementor-divider\">\n\t\t\t<span class=\"elementor-divider-separator\">\n\t\t\t\t\t\t\t<div class=\"elementor-icon elementor-divider__element\">\n\t\t\t\t\t<svg aria-hidden=\"true\" class=\"e-font-icon-svg e-fas-ambulance\" viewBox=\"0 0 640 512\" xmlns=\"http:\/\/www.w3.org\/2000\/svg\"><path d=\"M624 352h-16V243.9c0-12.7-5.1-24.9-14.1-33.9L494 110.1c-9-9-21.2-14.1-33.9-14.1H416V48c0-26.5-21.5-48-48-48H48C21.5 0 0 21.5 0 48v320c0 26.5 21.5 48 48 48h16c0 53 43 96 96 96s96-43 96-96h128c0 53 43 96 96 96s96-43 96-96h48c8.8 0 16-7.2 16-16v-32c0-8.8-7.2-16-16-16zM160 464c-26.5 0-48-21.5-48-48s21.5-48 48-48 48 21.5 48 48-21.5 48-48 48zm144-248c0 4.4-3.6 8-8 8h-56v56c0 4.4-3.6 8-8 8h-48c-4.4 0-8-3.6-8-8v-56h-56c-4.4 0-8-3.6-8-8v-48c0-4.4 3.6-8 8-8h56v-56c0-4.4 3.6-8 8-8h48c4.4 0 8 3.6 8 8v56h56c4.4 0 8 3.6 8 8v48zm176 248c-26.5 0-48-21.5-48-48s21.5-48 48-48 48 21.5 48 48-21.5 48-48 48zm80-208H416V144h44.1l99.9 99.9V256z\"><\/path><\/svg><\/div>\n\t\t\t\t\t\t<\/span>\n\t\t<\/div>\n\t\t\t\t\t\t<\/div>\n\t\t\t\t<\/div>\n\t\t\t\t<div class=\"elementor-element elementor-element-3ceebc4 elementor-widget elementor-widget-text-editor\" data-id=\"3ceebc4\" data-element_type=\"widget\" data-e-type=\"widget\" data-widget_type=\"text-editor.default\">\n\t\t\t\t<div class=\"elementor-widget-container\">\n\t\t\t\t\t\t\t\t\t<p><strong>Z mi\u0142\u0105 ch\u0119ci\u0105 odpowiemy na Pa\u0144stwa pytania:<\/strong><\/p><p><strong><img decoding=\"async\" src=\"data:image\/png;base64,iVBORw0KGgoAAAANSUhEUgAAAB4AAAAeCAYAAAA7MK6iAAAELklEQVRIib2Xa2wUVRTHb4yJpDMGKBasLRXaIBYw6LYQEApihPiIfsAYoyHGxISAyivGqB\/UD9RgTRNjYjSRCGLRosGASU0NgjRpREOI0WgIYn2UXdjdmdnZ18zudB7788N2aYed3daCnuR+OXfm\/O69c8\/\/nBFM0Yy9+zGk2cTqW9CWryWzdSfW0T48w5jU+2KqYGwbT9Vwzg+R7+sn8\/Jr6MvWoM9diPHsLpxo7D8CV1rP6TNkNz5Jcs58cu\/t\/f\/AJRv55lv0hgWkHn9qkmDDpGDbEwYu2DZkslWfcVNpEu0daOseqAx29STpTc+g3dyM3ryEzBtvVQ1q9vRiNi9BaQ2RfOhRch8ewBsZKV+g56HcdTfaY5vKwV5CRwutwhYyMSGhCQlbyCSf21V5x4aB+9vvWAODZHe\/SSq0imTzEvKffl72rJfNEpleT\/b9sW8uCpaF0rYaU8gMC4kLQmJYSISFRF7I6FXgV5p16DCJm5pIbd1RNpcfGCQ8rRZXUYvgzJ5unHHQCwHwxLYXJg13ozGUuQvRt2wvm1Me3Ehi8\/NFcKS+hegV0PHwiJDICZn8V1\/7o3geOE4g3IkrhG+YSe6zL3x+++dfCNc2UjBNRHQUEAQuwfNCRt\/xoi+I2dNLbsFSUusfxjp2ogyeO3yUyOx5FCzL548uXUHuyz7EpdYQ6gRgW8hkut\/xbziVxjl9BnN3F4kZDaQDsuBSawhj38c+X+qV10ls3oYwDx7CEnJFsCIk4ovbcVUt8FgBRs6eI3z9dKzjJ\/2Qzi6UDY\/4fPn+Y8TaVhfTKb5iHdmACxYWEmkhkz18pCK0ZOnOLuId630+a\/AUl25bSsHzLvucoT+I1N1aBNvnh1Bq6ogH7DguJLR5i3D+Hq4Ktn\/8iUhto0\/1nPNDhGc2UEhnLvtcVSMupDHlyh74BEPIRAK+cUbIqK0hXC1REeylMxg9vRRcd8xnGJg9vb7FFGyb7Af7\/Fqd2LIdq0JOG0JGW7YGd9zqr8Z84ILroqy+z6di4+GmkNFW3ot3DeBl1clVVNT5i0lXgSeWr616y6cEhmJ6qDMb0asd+6I2nD\/\/AopFJvf2u+RfepV8X\/\/UwQD5Uz+g1dShBShb6cJdbFiA2dNLtDWELWTyQiYnZJKT0PaqHUjuxADatFkV4XEhkRQyyrj5iJCwJiipE4IBcsdPotbUBR57SWSCfBOV1En1XNZ336PNagq8cJVGeFTj03u6pw4GGPn1LFrLHYGpVmloQuJifUtZhfpXYAAnFke\/536sAIULGjEhEZlxCwXDvDowFEUmtXUnhpCJV6nlw0LCETLaE08HxplyX23u70GV55ANKKkloVFDq\/Aq6PtVNfT22XPoHRvICxl1FBgt7bS9AzehV3z3mvxJ5D46iH7nSuLX3YjadDtGZxeFgB57vP0DWQKq7cEqIUoAAAAASUVORK5CYII=\" alt=\"\" \/> 12 276 09 31 \u00a0 \u00a0\u00a0 <\/strong><strong><img decoding=\"async\" src=\"data:image\/png;base64,iVBORw0KGgoAAAANSUhEUgAAACIAAAAZCAYAAABU+vysAAADSklEQVRIib2Xv0t6XxjH32ReAwVJdC0sEl0q+2GRbTUVJFEt0WAt6WBhdJucaqvFKVqsIR20yT9ACESopSBtKKghbZJSEMp7Rd7f4cu91afv5\/Mpv9UbznKe5znndZ97eM5zIMsyQ6EQTSYTAfzoMJlMDIVClGWZmJ2dJQC6XC76\/f4fHS6XiwA4NzdHKHSZTIY\/rUwm85Kh5uZmAqDFYmE8Hv8xiEQiQYvFQgDU6XSEVqulRqNRyQKBACVJ+jYASZIYCATU\/TQaDVtaWoimpibqdDpGo1E6nU4CYH9\/P7PZ7JdDZLNZDgwMEAD7+voYjUYpCAK1Wu2\/IAB4f3\/ParXKxcVFAqAgCIxEIl8GEYlEKAgCAXBpaYnVapWFQoEA3oK8zsD+\/r4a5PV6WalUGgaoVCr0er3qWTg4OFBtFxcX70FyudybBXK5nJpGu93Ok5OTT0Ocnp7S4XAQAAcHB3l5efnGns1m\/w5CkrIsc2VlRT1Y4XD4wxDhcFiNW11dpSzL73w+DKIokUjQaDQSAGdmZlgsFn\/rWywWqRRJo9HIo6Oj3\/p+GoQkb25uODY2RgC0Wq1MpVLvfFKpFK1WKwFwfHyct7e3f1yzIRBFvb29aso3NzfV+a2tLXXe6XR+aK2GQO7u7jgxMUEA7OjoYFtbGwHQZrPRZrMRANvb29WMTE5OMp\/Pfy1IMpmk2WwmAHo8Hj4+PrJUKnF9fZ12u50Oh4OiKLJcLvPh4YFTU1MEQLPZzGQy+f9B6vU6RVFUU76zs\/PHL3yt7e1tNW5jY4P1er0xkKurK46MjBAAu7q6Grqd0+k0Ozs7CYBut5vX19d\/B3ldWWOxGPV6PQFwYWGB5XL50xCKSqUS5+fnCYB6vZ6xWEy1\/WdlLRQKrNVq9Pl86q24t7fXMMCv2t3dpbKX3+9nrVZjPp9\/CyIIAhOJBIeGhgiAPT09PD8\/\/zIIRWdnZ+zu7iYADg8PMx6Pv9y+v\/YjPp+Pz8\/PXw6h6OnpicvLy+\/7EaVDM5lMb\/7fd+vw8JCtra0vHZpClk6nfwxC0fHx8UvP6vF4CICjo6MMBoNcW1tjMBj81qHs4Xa7CYDT09OEJEkURZEGg+HH3zUGg4GiKFKSJP4DKv+mcm5JWH4AAAAASUVORK5CYII=\" alt=\"\" \/> zloskawina@op.pl<\/strong><\/p>\t\t\t\t\t\t\t\t<\/div>\n\t\t\t\t<\/div>\n\t\t\t\t<div class=\"elementor-element elementor-element-30c7a1d elementor-widget-divider--view-line_icon elementor-view-default elementor-widget-divider--element-align-center elementor-widget elementor-widget-divider\" data-id=\"30c7a1d\" data-element_type=\"widget\" data-e-type=\"widget\" data-widget_type=\"divider.default\">\n\t\t\t\t<div class=\"elementor-widget-container\">\n\t\t\t\t\t\t\t<div class=\"elementor-divider\">\n\t\t\t<span class=\"elementor-divider-separator\">\n\t\t\t\t\t\t\t<div class=\"elementor-icon elementor-divider__element\">\n\t\t\t\t\t<svg aria-hidden=\"true\" class=\"e-font-icon-svg e-fas-ambulance\" viewBox=\"0 0 640 512\" xmlns=\"http:\/\/www.w3.org\/2000\/svg\"><path d=\"M624 352h-16V243.9c0-12.7-5.1-24.9-14.1-33.9L494 110.1c-9-9-21.2-14.1-33.9-14.1H416V48c0-26.5-21.5-48-48-48H48C21.5 0 0 21.5 0 48v320c0 26.5 21.5 48 48 48h16c0 53 43 96 96 96s96-43 96-96h128c0 53 43 96 96 96s96-43 96-96h48c8.8 0 16-7.2 16-16v-32c0-8.8-7.2-16-16-16zM160 464c-26.5 0-48-21.5-48-48s21.5-48 48-48 48 21.5 48 48-21.5 48-48 48zm144-248c0 4.4-3.6 8-8 8h-56v56c0 4.4-3.6 8-8 8h-48c-4.4 0-8-3.6-8-8v-56h-56c-4.4 0-8-3.6-8-8v-48c0-4.4 3.6-8 8-8h56v-56c0-4.4 3.6-8 8-8h48c4.4 0 8 3.6 8 8v56h56c4.4 0 8 3.6 8 8v48zm176 248c-26.5 0-48-21.5-48-48s21.5-48 48-48 48 21.5 48 48-21.5 48-48 48zm80-208H416V144h44.1l99.9 99.9V256z\"><\/path><\/svg><\/div>\n\t\t\t\t\t\t<\/span>\n\t\t<\/div>\n\t\t\t\t\t\t<\/div>\n\t\t\t\t<\/div>\n\t\t\t\t\t<\/div>\n\t\t<\/div>\n\t\t\t\t\t<\/div>\n\t\t<\/section>\n\t\t\t\t<section class=\"elementor-section elementor-top-section elementor-element elementor-element-56299bb elementor-section-boxed elementor-section-height-default elementor-section-height-default\" data-id=\"56299bb\" data-element_type=\"section\" data-e-type=\"section\">\n\t\t\t\t\t\t<div class=\"elementor-container elementor-column-gap-default\">\n\t\t\t\t\t<div class=\"elementor-column elementor-col-100 elementor-top-column elementor-element elementor-element-b81a911\" data-id=\"b81a911\" data-element_type=\"column\" data-e-type=\"column\">\n\t\t\t<div class=\"elementor-widget-wrap elementor-element-populated\">\n\t\t\t\t\t\t<div class=\"elementor-element elementor-element-c74c35b elementor-widget elementor-widget-sitemap\" data-id=\"c74c35b\" data-element_type=\"widget\" data-e-type=\"widget\" data-widget_type=\"sitemap.default\">\n\t\t\t\t<div class=\"elementor-widget-container\">\n\t\t\t\t\t \t\t\t\t<\/div>\n\t\t\t\t<\/div>\n\t\t\t\t\t<\/div>\n\t\t<\/div>\n\t\t\t\t\t<\/div>\n\t\t<\/section>\n\t\t\t\t<\/div>\n\t\t","protected":false},"excerpt":{"rendered":"<p>ZABEZPIECZENIA MEDYCZNE Pogotowie Ratunkowe im. S. Greinera jest jedn\u0105 z najlepiej dzia\u0142aj\u0105cych i zarz\u0105dzanych jednostek[&#8230;]<\/p>\n","protected":false},"author":2,"featured_media":280,"parent":0,"menu_order":0,"comment_status":"closed","ping_status":"closed","template":"","meta":{"_crdt_document":"","footnotes":""},"class_list":["post-22","page","type-page","status-publish","has-post-thumbnail","hentry"],"_links":{"self":[{"href":"https:\/\/pogotowieskawina.pl\/index.php\/wp-json\/wp\/v2\/pages\/22","targetHints":{"allow":["GET"]}}],"collection":[{"href":"https:\/\/pogotowieskawina.pl\/index.php\/wp-json\/wp\/v2\/pages"}],"about":[{"href":"https:\/\/pogotowieskawina.pl\/index.php\/wp-json\/wp\/v2\/types\/page"}],"author":[{"embeddable":true,"href":"https:\/\/pogotowieskawina.pl\/index.php\/wp-json\/wp\/v2\/users\/2"}],"replies":[{"embeddable":true,"href":"https:\/\/pogotowieskawina.pl\/index.php\/wp-json\/wp\/v2\/comments?post=22"}],"version-history":[{"count":36,"href":"https:\/\/pogotowieskawina.pl\/index.php\/wp-json\/wp\/v2\/pages\/22\/revisions"}],"predecessor-version":[{"id":922,"href":"https:\/\/pogotowieskawina.pl\/index.php\/wp-json\/wp\/v2\/pages\/22\/revisions\/922"}],"wp:featuredmedia":[{"embeddable":true,"href":"https:\/\/pogotowieskawina.pl\/index.php\/wp-json\/wp\/v2\/media\/280"}],"wp:attachment":[{"href":"https:\/\/pogotowieskawina.pl\/index.php\/wp-json\/wp\/v2\/media?parent=22"}],"curies":[{"name":"wp","href":"https:\/\/api.w.org\/{rel}","templated":true}]}}