{"id":1927,"date":"2024-08-17T17:55:57","date_gmt":"2024-08-17T15:55:57","guid":{"rendered":"https:\/\/pogotowieskawina.pl\/?page_id=1927"},"modified":"2024-08-20T20:27:50","modified_gmt":"2024-08-20T18:27:50","slug":"zdarzenie-niepozadane-formularz-zgloszenia","status":"publish","type":"page","link":"https:\/\/pogotowieskawina.pl\/index.php\/zdarzenie-niepozadane-formularz-zgloszenia\/","title":{"rendered":"Zdarzenie niepo\u017c\u0105dane &#8211; formularz zg\u0142oszenia"},"content":{"rendered":"\t\t<div data-elementor-type=\"wp-page\" data-elementor-id=\"1927\" class=\"elementor elementor-1927\">\n\t\t\t\t<div class=\"elementor-element elementor-element-825a2e4 e-flex e-con-boxed e-con e-parent\" data-id=\"825a2e4\" data-element_type=\"container\" data-e-type=\"container\">\n\t\t\t\t\t<div class=\"e-con-inner\">\n\t\t\t\t<div class=\"elementor-element elementor-element-bfc525e elementor-widget elementor-widget-text-editor\" data-id=\"bfc525e\" data-element_type=\"widget\" data-e-type=\"widget\" data-widget_type=\"text-editor.default\">\n\t\t\t\t<div class=\"elementor-widget-container\">\n\t\t\t\t\t\t\t\t\t<h4 style=\"text-align: center;\">Zdarzenie niepo\u017c\u0105dane to zdarzenie zaistnia\u0142e w trakcie udzielania lub w efekcie udzielania b\u0105d\u017a zaniechania udzielania \u015bwiadczenia opieki zdrowotnej, powoduj\u0105ce lub mog\u0105ce spowodowa\u0107 negatywny skutek dla zdrowia lub \u017cycia pacjenta.<br \/><br \/><strong>Formularz jest anonimowy ale nie wyklucza mo\u017cliwo\u015bci podania danych zg\u0142aszaj\u0105cego.<\/strong><br \/><br \/>Zdarzenie niepo\u017c\u0105dane mo\u017ce by\u0107 zg\u0142oszone przez personel medyczny i niemedyczny Pogotowia Ratunkowego w Skawinie, pacjenta , rodziny pacjent\u00f3w, opiekun\u00f3w, \u015bwiadk\u00f3w zdarzenia niepo\u017c\u0105danego , inne osoby z zewn\u0105trz.\u00a0<\/h4>\t\t\t\t\t\t\t\t<\/div>\n\t\t\t\t<\/div>\n\t\t\t\t\t<\/div>\n\t\t\t\t<\/div>\n\t\t<div class=\"elementor-element elementor-element-7a47c40 e-flex e-con-boxed e-con e-parent\" data-id=\"7a47c40\" data-element_type=\"container\" data-e-type=\"container\">\n\t\t\t\t\t<div class=\"e-con-inner\">\n\t\t\t\t<div class=\"elementor-element elementor-element-0803378 elementor-widget elementor-widget-html\" data-id=\"0803378\" data-element_type=\"widget\" data-e-type=\"widget\" data-widget_type=\"html.default\">\n\t\t\t\t<div class=\"elementor-widget-container\">\n\t\t\t\t\t<iframe src=\"https:\/\/docs.google.com\/forms\/d\/e\/1FAIpQLScCZA1VTNJcGhugPUP21W8lmZmaF8LZ8WJJu4W5zfSTg84M-A\/viewform?embedded=true\" width=\"640\" height=\"1009\" frameborder=\"0\" marginheight=\"0\" marginwidth=\"0\">\u0141aduj\u0119\u2026<\/iframe>\t\t\t\t<\/div>\n\t\t\t\t<\/div>\n\t\t\t\t\t<\/div>\n\t\t\t\t<\/div>\n\t\t\t\t<\/div>\n\t\t","protected":false},"excerpt":{"rendered":"<p>Zdarzenie niepo\u017c\u0105dane to zdarzenie zaistnia\u0142e w trakcie udzielania lub w efekcie udzielania b\u0105d\u017a zaniechania udzielania[&#8230;]<\/p>\n","protected":false},"author":3,"featured_media":0,"parent":0,"menu_order":0,"comment_status":"closed","ping_status":"closed","template":"","meta":{"_crdt_document":"","footnotes":""},"class_list":["post-1927","page","type-page","status-publish","hentry"],"_links":{"self":[{"href":"https:\/\/pogotowieskawina.pl\/index.php\/wp-json\/wp\/v2\/pages\/1927","targetHints":{"allow":["GET"]}}],"collection":[{"href":"https:\/\/pogotowieskawina.pl\/index.php\/wp-json\/wp\/v2\/pages"}],"about":[{"href":"https:\/\/pogotowieskawina.pl\/index.php\/wp-json\/wp\/v2\/types\/page"}],"author":[{"embeddable":true,"href":"https:\/\/pogotowieskawina.pl\/index.php\/wp-json\/wp\/v2\/users\/3"}],"replies":[{"embeddable":true,"href":"https:\/\/pogotowieskawina.pl\/index.php\/wp-json\/wp\/v2\/comments?post=1927"}],"version-history":[{"count":19,"href":"https:\/\/pogotowieskawina.pl\/index.php\/wp-json\/wp\/v2\/pages\/1927\/revisions"}],"predecessor-version":[{"id":1947,"href":"https:\/\/pogotowieskawina.pl\/index.php\/wp-json\/wp\/v2\/pages\/1927\/revisions\/1947"}],"wp:attachment":[{"href":"https:\/\/pogotowieskawina.pl\/index.php\/wp-json\/wp\/v2\/media?parent=1927"}],"curies":[{"name":"wp","href":"https:\/\/api.w.org\/{rel}","templated":true}]}}