{"id":112,"date":"2020-01-27T20:59:36","date_gmt":"2020-01-27T19:59:36","guid":{"rendered":"http:\/\/pogotowieskawina.pl\/?page_id=112"},"modified":"2022-07-15T09:53:59","modified_gmt":"2022-07-15T07:53:59","slug":"rodo","status":"publish","type":"page","link":"https:\/\/pogotowieskawina.pl\/index.php\/rodo\/","title":{"rendered":"R O D O"},"content":{"rendered":"\t\t<div data-elementor-type=\"wp-page\" data-elementor-id=\"112\" class=\"elementor elementor-112\">\n\t\t\t\t\t\t<section class=\"elementor-section elementor-top-section elementor-element elementor-element-4b9a6979 elementor-section-boxed elementor-section-height-default elementor-section-height-default\" data-id=\"4b9a6979\" data-element_type=\"section\" data-e-type=\"section\">\n\t\t\t\t\t\t<div class=\"elementor-container elementor-column-gap-default\">\n\t\t\t\t\t<div class=\"elementor-column elementor-col-100 elementor-top-column elementor-element elementor-element-3dbe1f1d\" data-id=\"3dbe1f1d\" data-element_type=\"column\" data-e-type=\"column\">\n\t\t\t<div class=\"elementor-widget-wrap elementor-element-populated\">\n\t\t\t\t\t\t<div class=\"elementor-element elementor-element-6555f7b elementor-widget elementor-widget-heading\" data-id=\"6555f7b\" data-element_type=\"widget\" data-e-type=\"widget\" data-widget_type=\"heading.default\">\n\t\t\t\t<div class=\"elementor-widget-container\">\n\t\t\t\t\t<h2 class=\"elementor-heading-title elementor-size-large\">R O D O<\/h2>\t\t\t\t<\/div>\n\t\t\t\t<\/div>\n\t\t\t\t<div class=\"elementor-element elementor-element-70a61a4 elementor-widget-divider--view-line_icon elementor-view-default elementor-widget-divider--element-align-center elementor-widget elementor-widget-divider\" data-id=\"70a61a4\" data-element_type=\"widget\" data-e-type=\"widget\" data-widget_type=\"divider.default\">\n\t\t\t\t<div class=\"elementor-widget-container\">\n\t\t\t\t\t\t\t<div class=\"elementor-divider\">\n\t\t\t<span class=\"elementor-divider-separator\">\n\t\t\t\t\t\t\t<div class=\"elementor-icon elementor-divider__element\">\n\t\t\t\t\t<svg aria-hidden=\"true\" class=\"e-font-icon-svg e-fas-ambulance\" viewBox=\"0 0 640 512\" xmlns=\"http:\/\/www.w3.org\/2000\/svg\"><path d=\"M624 352h-16V243.9c0-12.7-5.1-24.9-14.1-33.9L494 110.1c-9-9-21.2-14.1-33.9-14.1H416V48c0-26.5-21.5-48-48-48H48C21.5 0 0 21.5 0 48v320c0 26.5 21.5 48 48 48h16c0 53 43 96 96 96s96-43 96-96h128c0 53 43 96 96 96s96-43 96-96h48c8.8 0 16-7.2 16-16v-32c0-8.8-7.2-16-16-16zM160 464c-26.5 0-48-21.5-48-48s21.5-48 48-48 48 21.5 48 48-21.5 48-48 48zm144-248c0 4.4-3.6 8-8 8h-56v56c0 4.4-3.6 8-8 8h-48c-4.4 0-8-3.6-8-8v-56h-56c-4.4 0-8-3.6-8-8v-48c0-4.4 3.6-8 8-8h56v-56c0-4.4 3.6-8 8-8h48c4.4 0 8 3.6 8 8v56h56c4.4 0 8 3.6 8 8v48zm176 248c-26.5 0-48-21.5-48-48s21.5-48 48-48 48 21.5 48 48-21.5 48-48 48zm80-208H416V144h44.1l99.9 99.9V256z\"><\/path><\/svg><\/div>\n\t\t\t\t\t\t<\/span>\n\t\t<\/div>\n\t\t\t\t\t\t<\/div>\n\t\t\t\t<\/div>\n\t\t\t\t<div class=\"elementor-element elementor-element-b02d1d6 elementor-hidden-tablet elementor-hidden-phone elementor-widget elementor-widget-image\" data-id=\"b02d1d6\" data-element_type=\"widget\" data-e-type=\"widget\" data-widget_type=\"image.default\">\n\t\t\t\t<div class=\"elementor-widget-container\">\n\t\t\t\t\t\t\t\t\t\t\t\t\t\t\t\t<a href=\"http:\/\/pogotowieskawina.pl\/wp-content\/uploads\/2020\/01\/be1e93b4-c54f-482f-8da5-2eb36bc440bd.jpg\">\n\t\t\t\t\t\t\t<img fetchpriority=\"high\" decoding=\"async\" width=\"1024\" height=\"164\" src=\"https:\/\/pogotowieskawina.pl\/wp-content\/uploads\/2020\/01\/be1e93b4-c54f-482f-8da5-2eb36bc440bd-1024x164.jpg\" class=\"elementor-animation-grow attachment-large size-large wp-image-208\" alt=\"Zdj\u0119cie informuj\u0105ce o tym i\u017c pogotowie ratunkowe imienia siegfrieda greinera w skawinie jest instytucj\u0105 miasta i gminy skawina\" srcset=\"https:\/\/pogotowieskawina.pl\/wp-content\/uploads\/2020\/01\/be1e93b4-c54f-482f-8da5-2eb36bc440bd-1024x164.jpg 1024w, https:\/\/pogotowieskawina.pl\/wp-content\/uploads\/2020\/01\/be1e93b4-c54f-482f-8da5-2eb36bc440bd-300x48.jpg 300w, https:\/\/pogotowieskawina.pl\/wp-content\/uploads\/2020\/01\/be1e93b4-c54f-482f-8da5-2eb36bc440bd-768x123.jpg 768w, https:\/\/pogotowieskawina.pl\/wp-content\/uploads\/2020\/01\/be1e93b4-c54f-482f-8da5-2eb36bc440bd-1536x246.jpg 1536w, https:\/\/pogotowieskawina.pl\/wp-content\/uploads\/2020\/01\/be1e93b4-c54f-482f-8da5-2eb36bc440bd-2048x328.jpg 2048w, https:\/\/pogotowieskawina.pl\/wp-content\/uploads\/2020\/01\/be1e93b4-c54f-482f-8da5-2eb36bc440bd-370x59.jpg 370w, https:\/\/pogotowieskawina.pl\/wp-content\/uploads\/2020\/01\/be1e93b4-c54f-482f-8da5-2eb36bc440bd-1040x167.jpg 1040w\" sizes=\"(max-width: 1024px) 100vw, 1024px\" \/>\t\t\t\t\t\t\t\t<\/a>\n\t\t\t\t\t\t\t\t\t\t\t\t\t\t\t<\/div>\n\t\t\t\t<\/div>\n\t\t\t\t<div class=\"elementor-element elementor-element-b12fba5 elementor-widget-divider--view-line_icon elementor-hidden-tablet elementor-hidden-phone elementor-view-default elementor-widget-divider--element-align-center elementor-widget elementor-widget-divider\" data-id=\"b12fba5\" data-element_type=\"widget\" data-e-type=\"widget\" data-widget_type=\"divider.default\">\n\t\t\t\t<div class=\"elementor-widget-container\">\n\t\t\t\t\t\t\t<div class=\"elementor-divider\">\n\t\t\t<span class=\"elementor-divider-separator\">\n\t\t\t\t\t\t\t<div class=\"elementor-icon elementor-divider__element\">\n\t\t\t\t\t<svg aria-hidden=\"true\" class=\"e-font-icon-svg e-fas-ambulance\" viewBox=\"0 0 640 512\" xmlns=\"http:\/\/www.w3.org\/2000\/svg\"><path d=\"M624 352h-16V243.9c0-12.7-5.1-24.9-14.1-33.9L494 110.1c-9-9-21.2-14.1-33.9-14.1H416V48c0-26.5-21.5-48-48-48H48C21.5 0 0 21.5 0 48v320c0 26.5 21.5 48 48 48h16c0 53 43 96 96 96s96-43 96-96h128c0 53 43 96 96 96s96-43 96-96h48c8.8 0 16-7.2 16-16v-32c0-8.8-7.2-16-16-16zM160 464c-26.5 0-48-21.5-48-48s21.5-48 48-48 48 21.5 48 48-21.5 48-48 48zm144-248c0 4.4-3.6 8-8 8h-56v56c0 4.4-3.6 8-8 8h-48c-4.4 0-8-3.6-8-8v-56h-56c-4.4 0-8-3.6-8-8v-48c0-4.4 3.6-8 8-8h56v-56c0-4.4 3.6-8 8-8h48c4.4 0 8 3.6 8 8v56h56c4.4 0 8 3.6 8 8v48zm176 248c-26.5 0-48-21.5-48-48s21.5-48 48-48 48 21.5 48 48-21.5 48-48 48zm80-208H416V144h44.1l99.9 99.9V256z\"><\/path><\/svg><\/div>\n\t\t\t\t\t\t<\/span>\n\t\t<\/div>\n\t\t\t\t\t\t<\/div>\n\t\t\t\t<\/div>\n\t\t\t\t<section class=\"elementor-section elementor-inner-section elementor-element elementor-element-e69d9af elementor-section-boxed elementor-section-height-default elementor-section-height-default\" data-id=\"e69d9af\" data-element_type=\"section\" data-e-type=\"section\">\n\t\t\t\t\t\t<div class=\"elementor-container elementor-column-gap-default\">\n\t\t\t\t\t<div class=\"elementor-column elementor-col-50 elementor-inner-column elementor-element elementor-element-de27217\" data-id=\"de27217\" data-element_type=\"column\" data-e-type=\"column\">\n\t\t\t<div class=\"elementor-widget-wrap elementor-element-populated\">\n\t\t\t\t\t\t<div class=\"elementor-element elementor-element-f571f4e elementor-widget elementor-widget-text-editor\" data-id=\"f571f4e\" data-element_type=\"widget\" data-e-type=\"widget\" data-widget_type=\"text-editor.default\">\n\t\t\t\t<div class=\"elementor-widget-container\">\n\t\t\t\t\t\t\t\t\t<p>Zgodnie z art. 13 ust. 1 i ust. 2 og\u00f3lnego Rozporz\u0105dzenia Parlamentu Europejskiego i Rady (UE) o ochronie danych osobowych z dnia 27 kwietnia 2016 r. Pogotowie Ratunkowe w Skawinie informuje, \u017ce:<\/p>\n<p>\u2013 przetwarza dane osobowe zawarte w dokumentacji medycznej pacjent\u00f3w, kt\u00f3rym udziela\u0142y pomocy zespo\u0142y ratownictwa medycznego i zespo\u0142y transportowe Pogotowia w Skawinie.<br><\/p>\n<p>Dane te znalaz\u0142y si\u0119 i s\u0105 przechowywane w zbiorach danych Pogotowia Ratunkowego w Skawinie zgodnie z Ustaw\u0105 o prawach pacjenta i Rzeczniku Praw Pacjenta z dnia 6listopada 2008 r. oraz Rozporz\u0105dzeniem Ministra Zdrowia ws. rodzaj\u00f3w, zakresu i wzor\u00f3w dokumentacji medycznej oraz sposobu jej przetwarzania zdnia 8 grudnia 2015 r.;<\/p>\t\t\t\t\t\t\t\t<\/div>\n\t\t\t\t<\/div>\n\t\t\t\t<div class=\"elementor-element elementor-element-9327902 elementor-hidden-tablet elementor-hidden-phone elementor-widget elementor-widget-image\" data-id=\"9327902\" data-element_type=\"widget\" data-e-type=\"widget\" data-widget_type=\"image.default\">\n\t\t\t\t<div class=\"elementor-widget-container\">\n\t\t\t\t\t\t\t\t\t\t\t\t\t\t\t\t<a href=\"http:\/\/pogotowieskawina.pl\/wp-content\/uploads\/2020\/01\/20200111_213705-scaled.jpg\">\n\t\t\t\t\t\t\t<img decoding=\"async\" width=\"1024\" height=\"576\" src=\"https:\/\/pogotowieskawina.pl\/wp-content\/uploads\/2020\/01\/20200111_213705-1024x576.jpg\" class=\"elementor-animation-grow attachment-large size-large wp-image-178\" alt=\"na zdj\u0119ciu wida\u0107 dwie skawi\u0144skie karetki stoj\u0105ce w gara\u017cu szpitala uniwesyteskiego w krakowie przy ulicy Macieja Jakubowskiego\" srcset=\"https:\/\/pogotowieskawina.pl\/wp-content\/uploads\/2020\/01\/20200111_213705-1024x576.jpg 1024w, https:\/\/pogotowieskawina.pl\/wp-content\/uploads\/2020\/01\/20200111_213705-300x169.jpg 300w, https:\/\/pogotowieskawina.pl\/wp-content\/uploads\/2020\/01\/20200111_213705-768x432.jpg 768w, https:\/\/pogotowieskawina.pl\/wp-content\/uploads\/2020\/01\/20200111_213705-1536x864.jpg 1536w, https:\/\/pogotowieskawina.pl\/wp-content\/uploads\/2020\/01\/20200111_213705-2048x1152.jpg 2048w, https:\/\/pogotowieskawina.pl\/wp-content\/uploads\/2020\/01\/20200111_213705-370x208.jpg 370w, https:\/\/pogotowieskawina.pl\/wp-content\/uploads\/2020\/01\/20200111_213705-1040x585.jpg 1040w\" sizes=\"(max-width: 1024px) 100vw, 1024px\" \/>\t\t\t\t\t\t\t\t<\/a>\n\t\t\t\t\t\t\t\t\t\t\t\t\t\t\t<\/div>\n\t\t\t\t<\/div>\n\t\t\t\t<div class=\"elementor-element elementor-element-ce896e3 elementor-widget elementor-widget-text-editor\" data-id=\"ce896e3\" data-element_type=\"widget\" data-e-type=\"widget\" data-widget_type=\"text-editor.default\">\n\t\t\t\t<div class=\"elementor-widget-container\">\n\t\t\t\t\t\t\t\t\t<p>\u2013 dane osobowe zawarte w dokumentacji medycznej s\u0105 przechowywane przez okres &nbsp;wskazany w\/w Ustawie;<\/p>\n<p>\u2013 ka\u017cda osoba, kt\u00f3rej dane s\u0105 przetwarzane przez Pogotowie Ratunkowe w Skawinie ma prawo dost\u0119pu do tre\u015bci swoich danych oraz prawo ich sprostowania, usuni\u0119cia, ograniczenia przetwarzania, prawo do przenoszenia danych, prawo wniesienia sprzeciwu wobec przetwarzania, prawo do cofni\u0119cia zgody w dowolnym momencie bez wp\u0142ywu na zgodno\u015b\u0107 z prawem przetwarzania, kt\u00f3rego dokonano na podstawie zgody przed jej cofni\u0119ciem, pod warunkiem, \u017ce czynno\u015b\u0107 ta nie narusza postanowie\u0144 w\/w Ustawy i innych przepis\u00f3w obowi\u0105zuj\u0105cego prawa;<\/p>\t\t\t\t\t\t\t\t<\/div>\n\t\t\t\t<\/div>\n\t\t\t\t\t<\/div>\n\t\t<\/div>\n\t\t\t\t<div class=\"elementor-column elementor-col-50 elementor-inner-column elementor-element elementor-element-6b1b548\" data-id=\"6b1b548\" data-element_type=\"column\" data-e-type=\"column\">\n\t\t\t<div class=\"elementor-widget-wrap elementor-element-populated\">\n\t\t\t\t\t\t<div class=\"elementor-element elementor-element-00e9b63 elementor-hidden-tablet elementor-hidden-phone elementor-widget elementor-widget-image\" data-id=\"00e9b63\" data-element_type=\"widget\" data-e-type=\"widget\" data-widget_type=\"image.default\">\n\t\t\t\t<div class=\"elementor-widget-container\">\n\t\t\t\t\t\t\t\t\t\t\t\t\t\t\t\t<a href=\"http:\/\/pogotowieskawina.pl\/wp-content\/uploads\/2020\/01\/20200128_093353-scaled.jpg\">\n\t\t\t\t\t\t\t<img decoding=\"async\" width=\"1024\" height=\"1024\" src=\"https:\/\/pogotowieskawina.pl\/wp-content\/uploads\/2020\/01\/20200128_093353-1024x1024.jpg\" class=\"elementor-animation-grow attachment-large size-large wp-image-240\" alt=\"na zdj\u0119ciu widoczny jest kola\u017c ze zdj\u0119\u0107 na kt\u00f3rych wida\u0107 wn\u0119trze katetki p.\" srcset=\"https:\/\/pogotowieskawina.pl\/wp-content\/uploads\/2020\/01\/20200128_093353-1024x1024.jpg 1024w, https:\/\/pogotowieskawina.pl\/wp-content\/uploads\/2020\/01\/20200128_093353-300x300.jpg 300w, https:\/\/pogotowieskawina.pl\/wp-content\/uploads\/2020\/01\/20200128_093353-150x150.jpg 150w, https:\/\/pogotowieskawina.pl\/wp-content\/uploads\/2020\/01\/20200128_093353-768x768.jpg 768w, https:\/\/pogotowieskawina.pl\/wp-content\/uploads\/2020\/01\/20200128_093353-1536x1536.jpg 1536w, https:\/\/pogotowieskawina.pl\/wp-content\/uploads\/2020\/01\/20200128_093353-2048x2048.jpg 2048w, https:\/\/pogotowieskawina.pl\/wp-content\/uploads\/2020\/01\/20200128_093353-370x370.jpg 370w, https:\/\/pogotowieskawina.pl\/wp-content\/uploads\/2020\/01\/20200128_093353-1040x1040.jpg 1040w\" sizes=\"(max-width: 1024px) 100vw, 1024px\" \/>\t\t\t\t\t\t\t\t<\/a>\n\t\t\t\t\t\t\t\t\t\t\t\t\t\t\t<\/div>\n\t\t\t\t<\/div>\n\t\t\t\t<div class=\"elementor-element elementor-element-d31d79d elementor-widget elementor-widget-text-editor\" data-id=\"d31d79d\" data-element_type=\"widget\" data-e-type=\"widget\" data-widget_type=\"text-editor.default\">\n\t\t\t\t<div class=\"elementor-widget-container\">\n\t\t\t\t\t\t\t\t\t<p>\u2013 dane osobowe przetwarzane s\u0105 zgodnie z Art.6 ust 1 Rozporz\u0105dzenia<br>UE w celach zwi\u0105zanych z udzielaniem pomocy medycznej przez Pogotowie Ratunkowe w Skawinie<\/p>\n<p>\u2013 administratorem danych osobowych zawartych w dokumentacji medycznej<br>jest Pogotowie Ratunkowe w Skawinie z siedzib\u0105: 32-050 Skawina, ul.Niepodleg\u0142o\u015bci 12<\/p>\t\t\t\t\t\t\t\t<\/div>\n\t\t\t\t<\/div>\n\t\t\t\t<div class=\"elementor-element elementor-element-30e0465 elementor-widget elementor-widget-image\" data-id=\"30e0465\" data-element_type=\"widget\" data-e-type=\"widget\" data-widget_type=\"image.default\">\n\t\t\t\t<div class=\"elementor-widget-container\">\n\t\t\t\t\t\t\t\t\t\t\t\t\t\t\t\t<a href=\"http:\/\/pogotowieskawina.pl\/wp-content\/uploads\/2020\/01\/83387911_200436751143057_66063756722962432_n.jpg\">\n\t\t\t\t\t\t\t<img loading=\"lazy\" decoding=\"async\" width=\"1024\" height=\"874\" src=\"https:\/\/pogotowieskawina.pl\/wp-content\/uploads\/2020\/01\/83387911_200436751143057_66063756722962432_n-1024x874.jpg\" class=\"elementor-animation-grow attachment-large size-large wp-image-263\" alt=\"na zdj\u0119ciu widoczne s\u0105 dwie karetki na pierwszym planie widoczna jest karetka P z w\u0142\u0105czonymi \u015bwiat\u0142ami uprzywilejowanymi. W oddali wida\u0107 \u017c\u00f3\u0142t\u0105 karetk\u0119 p.\" srcset=\"https:\/\/pogotowieskawina.pl\/wp-content\/uploads\/2020\/01\/83387911_200436751143057_66063756722962432_n-1024x874.jpg 1024w, https:\/\/pogotowieskawina.pl\/wp-content\/uploads\/2020\/01\/83387911_200436751143057_66063756722962432_n-300x256.jpg 300w, https:\/\/pogotowieskawina.pl\/wp-content\/uploads\/2020\/01\/83387911_200436751143057_66063756722962432_n-768x656.jpg 768w, https:\/\/pogotowieskawina.pl\/wp-content\/uploads\/2020\/01\/83387911_200436751143057_66063756722962432_n-370x316.jpg 370w, https:\/\/pogotowieskawina.pl\/wp-content\/uploads\/2020\/01\/83387911_200436751143057_66063756722962432_n-1040x888.jpg 1040w, https:\/\/pogotowieskawina.pl\/wp-content\/uploads\/2020\/01\/83387911_200436751143057_66063756722962432_n.jpg 1080w\" sizes=\"(max-width: 1024px) 100vw, 1024px\" \/>\t\t\t\t\t\t\t\t<\/a>\n\t\t\t\t\t\t\t\t\t\t\t\t\t\t\t<\/div>\n\t\t\t\t<\/div>\n\t\t\t\t\t<\/div>\n\t\t<\/div>\n\t\t\t\t\t<\/div>\n\t\t<\/section>\n\t\t\t\t<div class=\"elementor-element elementor-element-c2f4e41 elementor-hidden-tablet elementor-hidden-phone elementor-widget-divider--view-line elementor-widget elementor-widget-divider\" data-id=\"c2f4e41\" data-element_type=\"widget\" data-e-type=\"widget\" data-widget_type=\"divider.default\">\n\t\t\t\t<div class=\"elementor-widget-container\">\n\t\t\t\t\t\t\t<div class=\"elementor-divider\">\n\t\t\t<span class=\"elementor-divider-separator\">\n\t\t\t\t\t\t<\/span>\n\t\t<\/div>\n\t\t\t\t\t\t<\/div>\n\t\t\t\t<\/div>\n\t\t\t\t<div class=\"elementor-element elementor-element-0f2ba12 elementor-widget elementor-widget-text-editor\" data-id=\"0f2ba12\" data-element_type=\"widget\" data-e-type=\"widget\" data-widget_type=\"text-editor.default\">\n\t\t\t\t<div class=\"elementor-widget-container\">\n\t\t\t\t\t\t\t\t\t<p>\u00a0<\/p><p><strong>W Pogotowiu Ratunkowym w Skawinie wyznaczono inspektora ochrony danych osobowych jest nim<br \/><\/strong><\/p><p><span style=\"text-decoration: underline;\"><strong>p. Gabriela Kowalska<\/strong><\/span><\/p><p><strong>z kt\u00f3r\u0105 mo\u017cna si\u0119 kontaktowa\u0107 drog\u0105 mailow\u0105 pod adresem:<\/strong><\/p><p><span style=\"text-decoration: underline;\"><strong>e-mail: g.kowalska@pogotowieskawina.pl<\/strong><\/span><\/p><p><strong>lub <br \/><\/strong><\/p><p><strong>pisemnie na adres:<\/strong><\/p><p><span style=\"text-decoration: underline;\"><strong>Inspektor Ochrony Danych Osobowych<\/strong><\/span><\/p><p><span style=\"text-decoration: underline;\"><strong>Gabriela Kowalska<\/strong><\/span><br \/><span style=\"text-decoration: underline;\"><strong>ul. Niepodleg\u0142o\u015bci 12<\/strong><\/span><br \/><span style=\"text-decoration: underline;\"><strong>32-050 Skawina<\/strong><\/span><\/p><p>\u00a0<\/p><div>\u00a0<\/div><div>\u00a0<\/div>\t\t\t\t\t\t\t\t<\/div>\n\t\t\t\t<\/div>\n\t\t\t\t<div class=\"elementor-element elementor-element-8d278c2 elementor-widget-divider--view-line_icon elementor-view-default elementor-widget-divider--element-align-center elementor-widget elementor-widget-divider\" data-id=\"8d278c2\" data-element_type=\"widget\" data-e-type=\"widget\" data-widget_type=\"divider.default\">\n\t\t\t\t<div class=\"elementor-widget-container\">\n\t\t\t\t\t\t\t<div class=\"elementor-divider\">\n\t\t\t<span class=\"elementor-divider-separator\">\n\t\t\t\t\t\t\t<div class=\"elementor-icon elementor-divider__element\">\n\t\t\t\t\t<svg aria-hidden=\"true\" class=\"e-font-icon-svg e-fas-ambulance\" viewBox=\"0 0 640 512\" xmlns=\"http:\/\/www.w3.org\/2000\/svg\"><path d=\"M624 352h-16V243.9c0-12.7-5.1-24.9-14.1-33.9L494 110.1c-9-9-21.2-14.1-33.9-14.1H416V48c0-26.5-21.5-48-48-48H48C21.5 0 0 21.5 0 48v320c0 26.5 21.5 48 48 48h16c0 53 43 96 96 96s96-43 96-96h128c0 53 43 96 96 96s96-43 96-96h48c8.8 0 16-7.2 16-16v-32c0-8.8-7.2-16-16-16zM160 464c-26.5 0-48-21.5-48-48s21.5-48 48-48 48 21.5 48 48-21.5 48-48 48zm144-248c0 4.4-3.6 8-8 8h-56v56c0 4.4-3.6 8-8 8h-48c-4.4 0-8-3.6-8-8v-56h-56c-4.4 0-8-3.6-8-8v-48c0-4.4 3.6-8 8-8h56v-56c0-4.4 3.6-8 8-8h48c4.4 0 8 3.6 8 8v56h56c4.4 0 8 3.6 8 8v48zm176 248c-26.5 0-48-21.5-48-48s21.5-48 48-48 48 21.5 48 48-21.5 48-48 48zm80-208H416V144h44.1l99.9 99.9V256z\"><\/path><\/svg><\/div>\n\t\t\t\t\t\t<\/span>\n\t\t<\/div>\n\t\t\t\t\t\t<\/div>\n\t\t\t\t<\/div>\n\t\t\t\t<div class=\"elementor-element elementor-element-e697cbc elementor-widget elementor-widget-sitemap\" data-id=\"e697cbc\" data-element_type=\"widget\" data-e-type=\"widget\" data-widget_type=\"sitemap.default\">\n\t\t\t\t<div class=\"elementor-widget-container\">\n\t\t\t\t\t \t\t\t\t<\/div>\n\t\t\t\t<\/div>\n\t\t\t\t\t<\/div>\n\t\t<\/div>\n\t\t\t\t\t<\/div>\n\t\t<\/section>\n\t\t\t\t<\/div>\n\t\t","protected":false},"excerpt":{"rendered":"<p>R O D O Zgodnie z art. 13 ust. 1 i ust. 2 og\u00f3lnego Rozporz\u0105dzenia[&#8230;]<\/p>\n","protected":false},"author":2,"featured_media":55,"parent":0,"menu_order":0,"comment_status":"closed","ping_status":"closed","template":"","meta":{"_crdt_document":"","footnotes":""},"class_list":["post-112","page","type-page","status-publish","has-post-thumbnail","hentry"],"_links":{"self":[{"href":"https:\/\/pogotowieskawina.pl\/index.php\/wp-json\/wp\/v2\/pages\/112","targetHints":{"allow":["GET"]}}],"collection":[{"href":"https:\/\/pogotowieskawina.pl\/index.php\/wp-json\/wp\/v2\/pages"}],"about":[{"href":"https:\/\/pogotowieskawina.pl\/index.php\/wp-json\/wp\/v2\/types\/page"}],"author":[{"embeddable":true,"href":"https:\/\/pogotowieskawina.pl\/index.php\/wp-json\/wp\/v2\/users\/2"}],"replies":[{"embeddable":true,"href":"https:\/\/pogotowieskawina.pl\/index.php\/wp-json\/wp\/v2\/comments?post=112"}],"version-history":[{"count":50,"href":"https:\/\/pogotowieskawina.pl\/index.php\/wp-json\/wp\/v2\/pages\/112\/revisions"}],"predecessor-version":[{"id":1543,"href":"https:\/\/pogotowieskawina.pl\/index.php\/wp-json\/wp\/v2\/pages\/112\/revisions\/1543"}],"wp:featuredmedia":[{"embeddable":true,"href":"https:\/\/pogotowieskawina.pl\/index.php\/wp-json\/wp\/v2\/media\/55"}],"wp:attachment":[{"href":"https:\/\/pogotowieskawina.pl\/index.php\/wp-json\/wp\/v2\/media?parent=112"}],"curies":[{"name":"wp","href":"https:\/\/api.w.org\/{rel}","templated":true}]}}