{"id":1115,"date":"2021-02-23T13:02:03","date_gmt":"2021-02-23T12:02:03","guid":{"rendered":"https:\/\/pogotowieskawina.pl\/?page_id=1115"},"modified":"2025-04-01T10:31:24","modified_gmt":"2025-04-01T08:31:24","slug":"elementor-1115","status":"publish","type":"page","link":"https:\/\/pogotowieskawina.pl\/index.php\/elementor-1115\/","title":{"rendered":"DEKLARACJA DOST\u0118PNO\u015aCI"},"content":{"rendered":"\t\t<div data-elementor-type=\"wp-page\" data-elementor-id=\"1115\" class=\"elementor elementor-1115\">\n\t\t\t\t\t\t<section class=\"elementor-section elementor-top-section elementor-element elementor-element-f68b157 elementor-section-boxed elementor-section-height-default elementor-section-height-default\" data-id=\"f68b157\" data-element_type=\"section\" data-e-type=\"section\">\n\t\t\t\t\t\t<div class=\"elementor-container elementor-column-gap-default\">\n\t\t\t\t\t<div class=\"elementor-column elementor-col-100 elementor-top-column elementor-element elementor-element-fbef6d1\" data-id=\"fbef6d1\" data-element_type=\"column\" data-e-type=\"column\">\n\t\t\t<div class=\"elementor-widget-wrap elementor-element-populated\">\n\t\t\t\t\t\t<div class=\"elementor-element elementor-element-468972f elementor-widget elementor-widget-text-editor\" data-id=\"468972f\" data-element_type=\"widget\" data-e-type=\"widget\" data-widget_type=\"text-editor.default\">\n\t\t\t\t<div class=\"elementor-widget-container\">\n\t\t\t\t\t\t\t\t\t<h1 style=\"text-align: center;\"><strong>Deklaracja dost\u0119pno\u015bci<\/strong><\/h1><h3>\u00a0<\/h3><h3><strong>Informacja:<\/strong><\/h3><div>\u00a0<\/div><h4><strong>Pogotowie Ratunkowe im. Siegfrieda Greinera w Skawinie<\/strong><\/h4><h4><strong>ul.Niepodleg\u0142o\u015bci 12<\/strong><\/h4><h4><strong>32-050 Skawina<\/strong><\/h4><h4><strong>tel.: <\/strong><strong>12\u00a0276 09 31<\/strong><strong> \u00a0 \u00a0 fax.: <\/strong><strong>12\u00a0276 30 18<\/strong><\/h4><h4><strong>e-mail: <a href=\"mailto:zloskawina@op.pl\"><span style=\"text-decoration: underline;\"><span style=\"color: #0000ff; text-decoration: underline;\">zloskawina@op.pl<\/span><\/span><\/a><\/strong><\/h4><h4><strong>NIP: 944 18 01 219<\/strong><\/h4><h4><strong>REGON: 350\u00a0789 462<\/strong><\/h4><h4>\u00a0<\/h4><h4><strong>Pogotowie Ratunkowe im. Siegfrieda Greinera w Skawinie <\/strong>zobowi\u0105zuje si\u0119 zapewni\u0107 dost\u0119pno\u015b\u0107 swojej strony internetowej zgodnie z przepisami ustawy z dnia 4 kwietnia 2019 r. o dost\u0119pno\u015bci cyfrowej stron internetowych i aplikacji mobilnych podmiot\u00f3w publicznych. O\u015bwiadczenie w sprawie dost\u0119pno\u015bci ma zastosowanie do strony internetowej <strong><a href=\"http:\/\/www.pogotowieskawina.pl\/\"><span style=\"text-decoration: underline;\"><span style=\"color: #0000ff; text-decoration: underline;\">www.pogotowieskawina.pl<\/span><\/span><\/a><\/strong><\/h4><h4>\u00a0<\/h4><h3><strong>Daty publikacji i aktualizacji<\/strong><\/h3><h4>\u00a0<\/h4><h4><strong>Data publikacji strony internetowej:<\/strong> 2020-02-13.<\/h4><h4>\u00a0<\/h4><h4><strong>Data ostatniej istotnej aktualizacji:<\/strong> 2020-02-13<\/h4><h4>\u00a0<\/h4><h4><strong>Data sporz\u0105dzenia Deklaracji i metoda oceny dost\u0119pno\u015bci cyfrowej:<\/strong><\/h4><h4>\u00a0<\/h4><h4><strong>O\u015bwiadczenie sporz\u0105dzono dnia:<\/strong> 2020-02-13<\/h4><h4>\u00a0<\/h4><h4><strong>Deklaracj\u0119 sporz\u0105dzono na podstawie samooceny przeprowadzonej przez podmiot publiczny.<\/strong><\/h4><h4>\u00a0<\/h4><h3><strong>Skr\u00f3ty klawiaturowe<\/strong><\/h3><h4>\u00a0<\/h4><h4>Na stronie internetowej mo\u017cna korzysta\u0107 ze standardowych skr\u00f3t\u00f3w klawiaturowych.<\/h4><h4>\u00a0<\/h4><h3><strong>Informacja na temat procedury<\/strong><\/h3><h4>Uprzejmie informujemy, \u017ce zgodnie z ustaw\u0105 z dnia 4 kwietnia 2019 r. o dost\u0119pno\u015bci cyfrowej stron internetowych i aplikacji mobilnych podmiot\u00f3w publicznych ka\u017cdy ma prawo do wyst\u0105pienia z \u017c\u0105daniem zapewnienia dost\u0119pno\u015bci cyfrowej strony internetowej, aplikacji mobilnej lub jakiego\u015b ich elementu. Mo\u017cna tak\u017ce za\u017c\u0105da\u0107 udost\u0119pnienia informacji za pomoc\u0105 alternatywnego sposobu dost\u0119pu, na przyk\u0142ad przez odczytanie niedost\u0119pnego cyfrowo dokumentu, opisanie zawarto\u015bci filmu bez audiodeskrypcji na warunkach okre\u015blonych w ustawie. \u017b\u0105danie powinno zawiera\u0107 dane osoby zg\u0142aszaj\u0105cej \u017c\u0105danie, wskazanie, o kt\u00f3r\u0105 stron\u0119 internetow\u0105 lub aplikacj\u0119 mobiln\u0105 chodzi oraz spos\u00f3b kontaktu. Je\u017celi osoba \u017c\u0105daj\u0105ca zg\u0142asza potrzeb\u0119 otrzymania informacji za pomoc\u0105 alternatywnego sposobu dost\u0119pu, powinna tak\u017ce okre\u015bli\u0107 dogodny dla niej spos\u00f3b przedstawienia tej informacji. Podmiot publiczny powinien zrealizowa\u0107 \u017c\u0105danie niezw\u0142ocznie, nie p\u00f3\u017aniej ni\u017c w ci\u0105gu 7 dni od dnia wyst\u0105pienia z \u017c\u0105daniem. Je\u017celi dotrzymanie tego terminu nie jest mo\u017cliwe, podmiot publiczny niezw\u0142ocznie informuje o tym wnosz\u0105cego \u017c\u0105danie, kiedy realizacja \u017c\u0105dania b\u0119dzie mo\u017cliwa, przy czym termin ten nie mo\u017ce by\u0107 d\u0142u\u017cszy ni\u017c 2 miesi\u0105ce od dnia wyst\u0105pienia z \u017c\u0105daniem. Je\u017celi zapewnienie dost\u0119pno\u015bci cyfrowej nie jest mo\u017cliwe, podmiot publiczny mo\u017ce zaproponowa\u0107 alternatywny spos\u00f3b dost\u0119pu do informacji. W przypadku, gdy podmiot publiczny odm\u00f3wi realizacji \u017c\u0105dania zapewnienia dost\u0119pno\u015bci lub alternatywnego sposobu dost\u0119pu do informacji, wnosz\u0105cy \u017c\u0105danie mo\u017cne z\u0142o\u017cy\u0107 skarg\u0119 w sprawie zapewniana dost\u0119pno\u015bci cyfrowej strony internetowej, aplikacji mobilnej lub elementu strony internetowej, lub aplikacji mobilnej. Po wyczerpaniu wskazanej wy\u017cej procedury mo\u017cna tak\u017ce z\u0142o\u017cy\u0107 wniosek do Rzecznika Praw Obywatelskich. Link do strony internetowej Rzecznika Praw Obywatelskich <a href=\"https:\/\/www.rpo.gov.pl\/\"><strong><span style=\"color: #0000ff;\">https:\/\/www.rpo.gov.pl\/<\/span><\/strong><\/a><\/h4><h4>\u00a0<\/h4><h4><strong>Informacje zwrotne i dane kontaktowe<\/strong><\/h4><h4>W przypadku problem\u00f3w z dost\u0119pno\u015bci\u0105 strony internetowej prosimy o kontakt na adres: zloskawina@op.pl .T\u0105 sam\u0105 drog\u0105 mo\u017cna sk\u0142ada\u0107 wnioski o udost\u0119pnienie informacji niedost\u0119pnej oraz sk\u0142ada\u0107 \u017c\u0105dania zapewnienia dost\u0119pno\u015bci.<\/h4><h4>\u00a0<\/h4>\t\t\t\t\t\t\t\t<\/div>\n\t\t\t\t<\/div>\n\t\t\t\t\t<\/div>\n\t\t<\/div>\n\t\t\t\t\t<\/div>\n\t\t<\/section>\n\t\t<div class=\"elementor-element elementor-element-5bae87e e-flex e-con-boxed e-con e-parent\" data-id=\"5bae87e\" data-element_type=\"container\" data-e-type=\"container\">\n\t\t\t\t\t<div class=\"e-con-inner\">\n\t\t\t\t<div class=\"elementor-element elementor-element-2321a48 elementor-widget elementor-widget-text-editor\" data-id=\"2321a48\" data-element_type=\"widget\" data-e-type=\"widget\" data-widget_type=\"text-editor.default\">\n\t\t\t\t<div class=\"elementor-widget-container\">\n\t\t\t\t\t\t\t\t\t<h4><a href=\"https:\/\/pogotowieskawina.pl\/wp-content\/uploads\/2025\/04\/INFORMACJA-DLA-OSOB-ZE-SZCZEGOLNYMI-POTRZEBAMI.pdf\">Informacja dla os\u00f3b ze szczeg\u00f3lnymi potrzebami.<\/a><\/h4>\t\t\t\t\t\t\t\t<\/div>\n\t\t\t\t<\/div>\n\t\t\t\t\t<\/div>\n\t\t\t\t<\/div>\n\t\t\t\t<\/div>\n\t\t","protected":false},"excerpt":{"rendered":"<p>Deklaracja dost\u0119pno\u015bci \u00a0 Informacja: \u00a0 Pogotowie Ratunkowe im. Siegfrieda Greinera w Skawinie ul.Niepodleg\u0142o\u015bci 12 32-050[&#8230;]<\/p>\n","protected":false},"author":2,"featured_media":0,"parent":0,"menu_order":0,"comment_status":"closed","ping_status":"closed","template":"","meta":{"_crdt_document":"","footnotes":""},"class_list":["post-1115","page","type-page","status-publish","hentry"],"_links":{"self":[{"href":"https:\/\/pogotowieskawina.pl\/index.php\/wp-json\/wp\/v2\/pages\/1115","targetHints":{"allow":["GET"]}}],"collection":[{"href":"https:\/\/pogotowieskawina.pl\/index.php\/wp-json\/wp\/v2\/pages"}],"about":[{"href":"https:\/\/pogotowieskawina.pl\/index.php\/wp-json\/wp\/v2\/types\/page"}],"author":[{"embeddable":true,"href":"https:\/\/pogotowieskawina.pl\/index.php\/wp-json\/wp\/v2\/users\/2"}],"replies":[{"embeddable":true,"href":"https:\/\/pogotowieskawina.pl\/index.php\/wp-json\/wp\/v2\/comments?post=1115"}],"version-history":[{"count":11,"href":"https:\/\/pogotowieskawina.pl\/index.php\/wp-json\/wp\/v2\/pages\/1115\/revisions"}],"predecessor-version":[{"id":2032,"href":"https:\/\/pogotowieskawina.pl\/index.php\/wp-json\/wp\/v2\/pages\/1115\/revisions\/2032"}],"wp:attachment":[{"href":"https:\/\/pogotowieskawina.pl\/index.php\/wp-json\/wp\/v2\/media?parent=1115"}],"curies":[{"name":"wp","href":"https:\/\/api.w.org\/{rel}","templated":true}]}}